{"id":53,"date":"2026-02-02T13:15:47","date_gmt":"2026-02-02T13:15:47","guid":{"rendered":"https:\/\/teamkrieger.ch\/?page_id=53"},"modified":"2026-03-13T12:34:34","modified_gmt":"2026-03-13T12:34:34","slug":"ueber-mich","status":"publish","type":"page","link":"https:\/\/teamkrieger.ch\/?page_id=53","title":{"rendered":"\u00fcber mich"},"content":{"rendered":"<p>[et_pb_section fb_built=&#8220;1&#8243; _builder_version=&#8220;4.27.5&#8243; _module_preset=&#8220;default&#8220; global_colors_info=&#8220;{}&#8220;][et_pb_row _builder_version=&#8220;4.27.5&#8243; _module_preset=&#8220;default&#8220;][et_pb_column _builder_version=&#8220;4.27.5&#8243; _module_preset=&#8220;default&#8220; type=&#8220;4_4&#8243;][et_pb_post_nav _builder_version=&#8220;4.27.5&#8243; _module_preset=&#8220;default&#8220; hover_enabled=&#8220;0&#8243; sticky_enabled=&#8220;0&#8243;][\/et_pb_post_nav][\/et_pb_column][\/et_pb_row][et_pb_row _builder_version=&#8220;4.27.5&#8243; _module_preset=&#8220;default&#8220;][et_pb_column _builder_version=&#8220;4.27.5&#8243; _module_preset=&#8220;default&#8220; type=&#8220;4_4&#8243;][et_pb_text _builder_version=&#8220;4.27.5&#8243; _module_preset=&#8220;default&#8220; hover_enabled=&#8220;0&#8243; sticky_enabled=&#8220;0&#8243;]<\/p>\n<div class=\"otQkpb\" aria-level=\"3\" role=\"heading\" data-animation-nesting=\"\" data-sfc-cp=\"\" jsaction=\"\" jscontroller=\"a7qCn\" jsuid=\"JCs1I_e\" data-sfc-cb=\"\" data-complete=\"true\" data-processed=\"true\" data-sae=\"\" style=\"text-align: center;\"><strong><img loading=\"lazy\" decoding=\"async\" src=\"https:\/\/teamkrieger.ch\/wp-content\/uploads\/2026\/03\/AS5_6028-300x200.jpg\" width=\"300\" height=\"200\" alt=\"\" class=\"wp-image-80 alignnone size-medium\" \/><\/strong><\/div>\n<div class=\"otQkpb\" aria-level=\"3\" role=\"heading\" data-animation-nesting=\"\" data-sfc-cp=\"\" jsaction=\"\" jscontroller=\"a7qCn\" jsuid=\"JCs1I_e\" data-sfc-cb=\"\" data-complete=\"true\" data-processed=\"true\" data-sae=\"\"><strong><\/strong><\/div>\n<div class=\"otQkpb\" aria-level=\"3\" role=\"heading\" data-animation-nesting=\"\" data-sfc-cp=\"\" jsaction=\"\" jscontroller=\"a7qCn\" jsuid=\"JCs1I_e\" data-sfc-cb=\"\" data-complete=\"true\" data-processed=\"true\" data-sae=\"\"><strong><\/strong><\/div>\n<div class=\"otQkpb\" aria-level=\"3\" role=\"heading\" data-animation-nesting=\"\" data-sfc-cp=\"\" jsaction=\"\" jscontroller=\"a7qCn\" jsuid=\"JCs1I_e\" data-sfc-cb=\"\" data-complete=\"true\" data-processed=\"true\" data-sae=\"\"><strong>Aus Leidenschaft f\u00fcr das Individuum<\/strong><\/div>\n<div class=\"Y3BBE\" data-sfc-cp=\"\" jsaction=\"rcuQ6b:&amp;JCs1I_f|npT2md\" jscontroller=\"zcfIf\" jsuid=\"JCs1I_f\" data-sfc-cb=\"\" data-hveid=\"CAEIAxAA\" data-complete=\"true\" data-processed=\"true\">Pferde begleiten mich, seit ich denken kann \u2013 sie sind das Beste, was mir in meinem Leben passieren konnte. Schon mit f\u00fcnf Jahren sa\u00df ich das erste Mal im Sattel, und mit 13 wurde der Traum vom eigenen Pferd wahr. Mein treuer Begleiter Samuray hat mich 22 Jahre lang gepr\u00e4gt. Er war mein Lehrmeister in Dressur und Springen, und ich danke ihm von Herzen f\u00fcr seine unendliche Geduld und sein Verst\u00e4ndnis. Er hat mir gezeigt, was echte Partnerschaft bedeutet.<\/div>\n<div class=\"Y3BBE\" data-sfc-cp=\"\" jsaction=\"rcuQ6b:&amp;JCs1I_f|npT2md\" jscontroller=\"zcfIf\" jsuid=\"JCs1I_f\" data-sfc-cb=\"\" data-hveid=\"CAEIAxAA\" data-complete=\"true\" data-processed=\"true\"><\/div>\n<div class=\"Y3BBE\" data-sfc-cp=\"\" jsaction=\"rcuQ6b:&amp;JCs1I_f|npT2md\" jscontroller=\"zcfIf\" jsuid=\"JCs1I_f\" data-sfc-cb=\"\" data-hveid=\"CAEIAxAA\" data-complete=\"true\" data-processed=\"true\"><\/div>\n<div class=\"Y3BBE\" data-sfc-cp=\"\" jsaction=\"rcuQ6b:&amp;JCs1I_f|npT2md\" jscontroller=\"zcfIf\" jsuid=\"JCs1I_f\" data-sfc-cb=\"\" data-hveid=\"CAEIAxAA\" data-complete=\"true\" data-processed=\"true\"><\/div>\n<div class=\"Y3BBE\" data-sfc-cp=\"\" jsaction=\"rcuQ6b:&amp;JCs1I_f|npT2md\" jscontroller=\"zcfIf\" jsuid=\"JCs1I_f\" data-sfc-cb=\"\" data-hveid=\"CAEIAxAA\" data-complete=\"true\" data-processed=\"true\"><\/div>\n<div class=\"Fsg96\" data-sfc-cp=\"\" jsaction=\"rcuQ6b:&amp;JCs1I_h|npT2md\" jscontroller=\"KHhJQ\" jsuid=\"JCs1I_h\" data-sfc-cb=\"\" data-complete=\"true\" data-processed=\"true\"><\/div>\n<div class=\"otQkpb\" aria-level=\"3\" role=\"heading\" data-animation-nesting=\"\" data-sfc-cp=\"\" jsaction=\"\" jscontroller=\"a7qCn\" jsuid=\"JCs1I_i\" data-sfc-cb=\"\" data-complete=\"true\" data-processed=\"true\" data-sae=\"\"><strong>Meine Philosophie: Respekt und Freude am Dialog<\/strong><\/div>\n<div class=\"Y3BBE\" data-sfc-cp=\"\" jsaction=\"rcuQ6b:&amp;JCs1I_j|npT2md\" jscontroller=\"zcfIf\" jsuid=\"JCs1I_j\" data-sfc-cb=\"\" data-hveid=\"CAEIBBAA\" data-complete=\"true\" data-processed=\"true\">F\u00fcr mich sind Pferd und Reiter zwei Individuen, die sich auf Augenh\u00f6he begegnen sollten. Ein Pferd ist kein Sportger\u00e4t, sondern eine Pers\u00f6nlichkeit. Mein Ziel ist es, dass sich das Tier wohlf\u00fchlt und gerne mitmacht. Ein motiviertes Pferd, das mit Freude bei der Arbeit ist, ist f\u00fcr mich unbezahlbar.<\/div>\n<div class=\"Y3BBE\" data-sfc-cp=\"\" jsaction=\"rcuQ6b:&amp;JCs1I_m|npT2md\" jscontroller=\"zcfIf\" jsuid=\"JCs1I_m\" data-sfc-cb=\"\" data-hveid=\"CAEIBRAA\" data-complete=\"true\" data-processed=\"true\">Dabei ist mir ein gezielter Muskelaufbau extrem wichtig \u2013 denn nur ein physisch starkes Pferd kann die Anforderungen des Reitens gesund und schmerzfrei bew\u00e4ltigen.<\/div>\n<div class=\"Y3BBE\" data-sfc-cp=\"\" jsaction=\"rcuQ6b:&amp;JCs1I_m|npT2md\" jscontroller=\"zcfIf\" jsuid=\"JCs1I_m\" data-sfc-cb=\"\" data-hveid=\"CAEIBRAA\" data-complete=\"true\" data-processed=\"true\"><\/div>\n<div class=\"Y3BBE\" data-sfc-cp=\"\" jsaction=\"rcuQ6b:&amp;JCs1I_m|npT2md\" jscontroller=\"zcfIf\" jsuid=\"JCs1I_m\" data-sfc-cb=\"\" data-hveid=\"CAEIBRAA\" data-complete=\"true\" data-processed=\"true\"><\/div>\n<div class=\"Y3BBE\" data-sfc-cp=\"\" jsaction=\"rcuQ6b:&amp;JCs1I_m|npT2md\" jscontroller=\"zcfIf\" jsuid=\"JCs1I_m\" data-sfc-cb=\"\" data-hveid=\"CAEIBRAA\" data-complete=\"true\" data-processed=\"true\"><\/div>\n<div class=\"Y3BBE\" data-sfc-cp=\"\" jsaction=\"rcuQ6b:&amp;JCs1I_m|npT2md\" jscontroller=\"zcfIf\" jsuid=\"JCs1I_m\" data-sfc-cb=\"\" data-hveid=\"CAEIBRAA\" data-complete=\"true\" data-processed=\"true\"><\/div>\n<div class=\"Fsg96\" data-sfc-cp=\"\" jsaction=\"rcuQ6b:&amp;JCs1I_o|npT2md\" jscontroller=\"KHhJQ\" jsuid=\"JCs1I_o\" data-sfc-cb=\"\" data-complete=\"true\" data-processed=\"true\"><\/div>\n<div class=\"otQkpb\" aria-level=\"3\" role=\"heading\" data-animation-nesting=\"\" data-sfc-cp=\"\" jsaction=\"\" jscontroller=\"a7qCn\" jsuid=\"JCs1I_p\" data-sfc-cb=\"\" data-complete=\"true\" data-processed=\"true\" data-sae=\"\"><strong>Vom Wissen zum Verstehen<\/strong><\/div>\n<div class=\"Y3BBE\" data-sfc-cp=\"\" jsaction=\"rcuQ6b:&amp;JCs1I_q|npT2md\" jscontroller=\"zcfIf\" jsuid=\"JCs1I_q\" data-sfc-cb=\"\" data-hveid=\"CAEIBhAA\" data-complete=\"true\" data-processed=\"true\">Nach meiner Ausbildung zur Sportpferde- und Pferdephysiotherapeutin war mein Wissensdurst noch lange nicht gestillt. Seit 2003 arbeite ich selbstst\u00e4ndig in der Pferdetherapie und besuche j\u00e4hrlich Weiterbildungen, um mein Fachwissen stetig zu vertiefen. Denn wer mit Lebewesen arbeitet, lernt bekanntlich nie aus.<\/div>\n<div class=\"Y3BBE\" data-sfc-cp=\"\" jsaction=\"rcuQ6b:&amp;JCs1I_q|npT2md\" jscontroller=\"zcfIf\" jsuid=\"JCs1I_q\" data-sfc-cb=\"\" data-hveid=\"CAEIBhAA\" data-complete=\"true\" data-processed=\"true\"><\/div>\n<div class=\"Y3BBE\" data-sfc-cp=\"\" jsaction=\"rcuQ6b:&amp;JCs1I_q|npT2md\" jscontroller=\"zcfIf\" jsuid=\"JCs1I_q\" data-sfc-cb=\"\" data-hveid=\"CAEIBhAA\" data-complete=\"true\" data-processed=\"true\"><\/div>\n<div class=\"Y3BBE\" data-sfc-cp=\"\" jsaction=\"rcuQ6b:&amp;JCs1I_q|npT2md\" jscontroller=\"zcfIf\" jsuid=\"JCs1I_q\" data-sfc-cb=\"\" data-hveid=\"CAEIBhAA\" data-complete=\"true\" data-processed=\"true\"><\/div>\n<div class=\"Y3BBE\" data-sfc-cp=\"\" jsaction=\"rcuQ6b:&amp;JCs1I_q|npT2md\" jscontroller=\"zcfIf\" jsuid=\"JCs1I_q\" data-sfc-cb=\"\" data-hveid=\"CAEIBhAA\" data-complete=\"true\" data-processed=\"true\"><\/div>\n<div class=\"Y3BBE\" data-sfc-cp=\"\" jsaction=\"rcuQ6b:&amp;JCs1I_q|npT2md\" jscontroller=\"zcfIf\" jsuid=\"JCs1I_q\" data-sfc-cb=\"\" data-hveid=\"CAEIBhAA\" data-complete=\"true\" data-processed=\"true\"><\/div>\n<div class=\"Y3BBE\" data-sfc-cp=\"\" jsaction=\"rcuQ6b:&amp;JCs1I_q|npT2md\" jscontroller=\"zcfIf\" jsuid=\"JCs1I_q\" data-sfc-cb=\"\" data-hveid=\"CAEIBhAA\" data-complete=\"true\" data-processed=\"true\"><\/div>\n<div class=\"Fsg96\" data-sfc-cp=\"\" jsaction=\"rcuQ6b:&amp;JCs1I_s|npT2md\" jscontroller=\"KHhJQ\" jsuid=\"JCs1I_s\" data-sfc-cb=\"\" data-complete=\"true\" data-processed=\"true\"><\/div>\n<div class=\"otQkpb\" aria-level=\"3\" role=\"heading\" data-animation-nesting=\"\" data-sfc-cp=\"\" jsaction=\"\" jscontroller=\"a7qCn\" jsuid=\"JCs1I_t\" data-sfc-cb=\"\" data-complete=\"true\" data-processed=\"true\" data-sae=\"\"><strong>Die feine Reiterei: Viele Wege, ein Ziel<\/strong><\/div>\n<div class=\"Y3BBE\" data-sfc-cp=\"\" jsaction=\"rcuQ6b:&amp;JCs1I_u|npT2md\" jscontroller=\"zcfIf\" jsuid=\"JCs1I_u\" data-sfc-cb=\"\" data-hveid=\"CAEIBxAA\" data-complete=\"true\" data-processed=\"true\">Reiterlich habe ich mich von den starren Richtlinien der FN wegbewegt und meine Heimat in der barock-klassischen Dressur gefunden. Auch vier Jahre Western- und Vaquerounterricht haben mir wertvolle neue Sichtweisen geschenkt.<\/div>\n<div class=\"Y3BBE\" data-sfc-cp=\"\" jsaction=\"rcuQ6b:&amp;JCs1I_w|npT2md\" jscontroller=\"zcfIf\" jsuid=\"JCs1I_w\" data-sfc-cb=\"\" data-hveid=\"CAEICBAA\" data-complete=\"true\" data-processed=\"true\">Heute folge ich keinem starren Dogma:<\/div>\n<ul class=\"KsbFXc U6u95\" jsaction=\"\" jscontroller=\"mPWODf\" jsuid=\"JCs1I_x\" data-sfc-cb=\"\" data-complete=\"true\" data-processed=\"true\">\n<li class=\"dF3vjf\" jsaction=\"\" jscontroller=\"vsuOFb\" jsuid=\"JCs1I_y\" data-sfc-cb=\"\" data-hveid=\"CAEICRAA\" data-complete=\"true\" data-sae=\"\"><span class=\"T286Pc\" data-sfc-cp=\"\" jsaction=\"\" jscontroller=\"fly6D\" jsuid=\"JCs1I_z\" data-sfc-cb=\"\" data-complete=\"true\">F\u00fcr das eine Pferd ist die L\u00e9g\u00e8ret\u00e9 der richtige Schl\u00fcssel.<\/span><\/li>\n<li class=\"dF3vjf\" jsaction=\"\" jscontroller=\"vsuOFb\" jsuid=\"JCs1I_11\" data-sfc-cb=\"\" data-hveid=\"CAEICRAB\" data-complete=\"true\" data-sae=\"\"><span class=\"T286Pc\" data-sfc-cp=\"\" jsaction=\"\" jscontroller=\"fly6D\" jsuid=\"JCs1I_12\" data-sfc-cb=\"\" data-complete=\"true\">Ein anderes lernt Galoppwechsel besser nach der altkalifornischen Reitweise.<\/span><\/li>\n<\/ul>\n<div class=\"Y3BBE\" data-sfc-cp=\"\" jsaction=\"rcuQ6b:&amp;JCs1I_14|npT2md\" jscontroller=\"zcfIf\" jsuid=\"JCs1I_14\" data-sfc-cb=\"\" data-hveid=\"CAEIChAA\" data-complete=\"true\" data-processed=\"true\">Ich entscheide individuell, was Pferd und Reiter in diesem Moment brauchen. Was f\u00fcr mich jedoch \u00fcber allem steht, sind <strong class=\"Yjhzub\" jsaction=\"\" jscontroller=\"zYmgkd\" jsuid=\"JCs1I_15\" data-sfc-cb=\"\" data-complete=\"true\" data-processed=\"true\">gegenseitiger Respekt, klare Umgangsformen<\/strong> und die t\u00e4gliche Freude an der gemeinsamen Arbeit.<\/div>\n<p>[\/et_pb_text][\/et_pb_column][\/et_pb_row][et_pb_row column_structure=&#8220;1_2,1_2&#8243; _builder_version=&#8220;4.27.5&#8243; _module_preset=&#8220;default&#8220; global_colors_info=&#8220;{}&#8220;][et_pb_column type=&#8220;1_2&#8243; _builder_version=&#8220;4.27.5&#8243; _module_preset=&#8220;default&#8220; global_colors_info=&#8220;{}&#8220;][\/et_pb_column][et_pb_column type=&#8220;1_2&#8243; _builder_version=&#8220;4.27.5&#8243; _module_preset=&#8220;default&#8220; global_colors_info=&#8220;{}&#8220;][\/et_pb_column][\/et_pb_row][et_pb_row _builder_version=&#8220;4.27.5&#8243; _module_preset=&#8220;default&#8220;][et_pb_column _builder_version=&#8220;4.27.5&#8243; _module_preset=&#8220;default&#8220; type=&#8220;4_4&#8243;][et_pb_text _builder_version=&#8220;4.27.5&#8243; _module_preset=&#8220;default&#8220; hover_enabled=&#8220;0&#8243; sticky_enabled=&#8220;0&#8243;]<\/p>\n<p style=\"text-align: right;\"><img loading=\"lazy\" decoding=\"async\" src=\"https:\/\/teamkrieger.ch\/wp-content\/uploads\/2026\/03\/AS8_5841-200x300.jpg\" width=\"200\" height=\"300\" alt=\"\" class=\"wp-image-108 alignnone size-medium\" style=\"display: block; margin-left: auto; margin-right: auto;\" srcset=\"https:\/\/teamkrieger.ch\/wp-content\/uploads\/2026\/03\/AS8_5841-200x300.jpg 200w, https:\/\/teamkrieger.ch\/wp-content\/uploads\/2026\/03\/AS8_5841-683x1024.jpg 683w, https:\/\/teamkrieger.ch\/wp-content\/uploads\/2026\/03\/AS8_5841-768x1152.jpg 768w, https:\/\/teamkrieger.ch\/wp-content\/uploads\/2026\/03\/AS8_5841-1024x1536.jpg 1024w, https:\/\/teamkrieger.ch\/wp-content\/uploads\/2026\/03\/AS8_5841-scaled.jpg 1707w\" sizes=\"(max-width: 200px) 100vw, 200px\" \/><\/p>\n<ul>\n<li style=\"text-align: left;\"><span style=\"letter-spacing: -0.32px;\">Pferdephysio &#8211; &amp; Sportpferdetherapeut (Abschluss 2003)<\/span><\/li>\n<li style=\"text-align: left;\">F\u00fctterungslehre nach TCM beim Perd<\/li>\n<li style=\"text-align: left;\">Manuelle Therapien am Pferd<\/li>\n<li style=\"text-align: left;\">Lymphdrainage Weiterbildung<\/li>\n<li style=\"text-align: left;\">Sattel-R\u00fcckenschulung (Seminar + zus\u00e4tzlicher Teil der Weiterbildung)<\/li>\n<li style=\"text-align: left;\">4 Jahre intensive Mithilfe bei der Jungpferdeausbildung (Hengste)<\/li>\n<li style=\"text-align: left;\">Pferdesamariter<\/li>\n<li style=\"text-align: left;\">HSH-Methode<\/li>\n<li style=\"text-align: left;\">Piaffe \/ Passage \/ Levade (R.Hinrichs)<\/li>\n<li style=\"text-align: left;\">Versammlung richtig erlernen (R.Hinrichs)<\/li>\n<li style=\"text-align: left;\">Herbologie Pferd Teil 1 &amp; 2<\/li>\n<li style=\"text-align: left;\">Gymnastizieren und Aufbauen an der Hand (Seminar 17 Tage)<\/li>\n<li style=\"text-align: left;\">Reha &#8211; Pferde (Aufbau, Begleitung, Erhaltung )\u00a0 4 w\u00f6chige Ausbildung Tierspital ZH<\/li>\n<li style=\"text-align: left;\">Geraderichten- Arbeiten vom Boden (Lehrgang)<\/li>\n<li style=\"text-align: left;\">Gymnastizieren mit Stangen &amp; Spr\u00fcngen<\/li>\n<li style=\"text-align: left;\">Pferder\u00fccken im Focus (4 t\u00e4giger Kurs)<\/li>\n<li style=\"text-align: left;\">Gesunder Pferder\u00fccken-gesundes Pferd (Lehrgang)<\/li>\n<li style=\"text-align: left;\">Pferde motivieren nach Fritz Stahlecker (Seminar)<\/li>\n<li style=\"text-align: left;\">Doppellonge &amp; Kappzaum (uA R. Hinrichs)<\/li>\n<li style=\"text-align: left;\">Doppellonge \/ K\u00f6rpersprache\u00a0 (Arnoud van der Sman)<\/li>\n<li style=\"text-align: left;\">manuelle Therapien Hund<\/li>\n<li style=\"text-align: left;\">TCM practioner Hund<\/li>\n<li>Chakra-Coach (15 monatige Ausbildung berufsbegleitend)<\/li>\n<li>Psycho-Neuro-Immunologie (19\u00a0monatige Ausbildung berufsbegleitend)<\/li>\n<\/ul>\n<p><strong>Reiterlich gepr\u00e4gt uA von:<\/strong><\/p>\n<ul>\n<li>Richard Hinrichs (Unterricht)<\/li>\n<li>PH &#8211; Karl (Kurse)<\/li>\n<li>Philipp Hess (Unterricht)<\/li>\n<li>Klaus Balkenhol (Kurse \/ Unterricht)<\/li>\n<li>Dr. Gerd Heuschmann (Unterricht)<\/li>\n<li>Monty Roberts (Kurse)<\/li>\n<li>Alfonso Aguilar (Kurse)<\/li>\n<li>Anja Beran (Unterricht)<\/li>\n<li>M. Geitner (Kurse)<\/li>\n<li>Jean Claude Dysli (Unterricht)<\/li>\n<li>Fritz Stahlecker (Kurse)<\/li>\n<li>Ch. Hess\u00a0 (Unterricht)<\/li>\n<\/ul>\n<p>Ein herzliches <strong>Danke<\/strong> auch an all die anderen Pferdeleute, Sch\u00fcler und Pferde welche mich immer wieder mit neuen Input&#8217;s inspirieren!<\/p>\n<p>[\/et_pb_text][\/et_pb_column][\/et_pb_row][\/et_pb_section]<\/p>\n","protected":false},"excerpt":{"rendered":"<p>Aus Leidenschaft f\u00fcr das Individuum Pferde begleiten mich, seit ich denken kann \u2013 sie sind das Beste, was mir in meinem Leben passieren konnte. Schon mit f\u00fcnf Jahren sa\u00df ich das erste Mal im Sattel, und mit 13 wurde der Traum vom eigenen Pferd wahr. Mein treuer Begleiter Samuray hat mich 22 Jahre lang gepr\u00e4gt. [&hellip;]<\/p>\n","protected":false},"author":1,"featured_media":0,"parent":0,"menu_order":0,"comment_status":"closed","ping_status":"closed","template":"","meta":{"_et_pb_use_builder":"on","_et_pb_old_content":"","_et_gb_content_width":"","footnotes":""},"class_list":["post-53","page","type-page","status-publish","hentry"],"_links":{"self":[{"href":"https:\/\/teamkrieger.ch\/index.php?rest_route=\/wp\/v2\/pages\/53","targetHints":{"allow":["GET"]}}],"collection":[{"href":"https:\/\/teamkrieger.ch\/index.php?rest_route=\/wp\/v2\/pages"}],"about":[{"href":"https:\/\/teamkrieger.ch\/index.php?rest_route=\/wp\/v2\/types\/page"}],"author":[{"embeddable":true,"href":"https:\/\/teamkrieger.ch\/index.php?rest_route=\/wp\/v2\/users\/1"}],"replies":[{"embeddable":true,"href":"https:\/\/teamkrieger.ch\/index.php?rest_route=%2Fwp%2Fv2%2Fcomments&post=53"}],"version-history":[{"count":8,"href":"https:\/\/teamkrieger.ch\/index.php?rest_route=\/wp\/v2\/pages\/53\/revisions"}],"predecessor-version":[{"id":141,"href":"https:\/\/teamkrieger.ch\/index.php?rest_route=\/wp\/v2\/pages\/53\/revisions\/141"}],"wp:attachment":[{"href":"https:\/\/teamkrieger.ch\/index.php?rest_route=%2Fwp%2Fv2%2Fmedia&parent=53"}],"curies":[{"name":"wp","href":"https:\/\/api.w.org\/{rel}","templated":true}]}}