{"id":9,"date":"2025-05-19T16:05:19","date_gmt":"2025-05-19T16:05:19","guid":{"rendered":"https:\/\/teamkrieger.ch\/?page_id=9"},"modified":"2026-05-08T09:44:00","modified_gmt":"2026-05-08T09:44:00","slug":"welcome-temp","status":"publish","type":"page","link":"https:\/\/teamkrieger.ch\/","title":{"rendered":"Gel\u00e4ndetraining"},"content":{"rendered":"<p>[et_pb_section fb_built=&#8220;1&#8243; module_class=&#8220;termine&#8220; _builder_version=&#8220;4.27.4&#8243; _module_preset=&#8220;default&#8220; global_colors_info=&#8220;{}&#8220;][et_pb_row _builder_version=&#8220;4.27.5&#8243; _module_preset=&#8220;default&#8220; width=&#8220;100%&#8220; max_width=&#8220;1522px&#8220; hover_enabled=&#8220;0&#8243; global_colors_info=&#8220;{}&#8220; sticky_enabled=&#8220;0&#8243;][et_pb_column type=&#8220;4_4&#8243; _builder_version=&#8220;4.27.4&#8243; _module_preset=&#8220;default&#8220; global_colors_info=&#8220;{}&#8220;][et_pb_image src=&#8220;https:\/\/teamkrieger.ch\/wp-content\/uploads\/2026\/05\/DSC8660-scaled.jpg&#8220; _builder_version=&#8220;4.27.5&#8243; _module_preset=&#8220;default&#8220; hover_enabled=&#8220;0&#8243; sticky_enabled=&#8220;0&#8243; title_text=&#8220;_DSC8660&#8243; custom_margin=&#8220;|-316px||||&#8220; force_fullwidth=&#8220;on&#8220;][\/et_pb_image][et_pb_heading title=&#8220;N\u00e4chste Termine&#8220; _builder_version=&#8220;4.27.4&#8243; _module_preset=&#8220;default&#8220; global_colors_info=&#8220;{}&#8220;][\/et_pb_heading][et_pb_text _builder_version=&#8220;4.27.4&#8243; _module_preset=&#8220;default&#8220; text_text_color=&#8220;#000000&#8243; background_color=&#8220;rgba(255,255,255,0.61)&#8220; global_colors_info=&#8220;{}&#8220;]<\/p>\n<h3><span>Gel\u00e4ndetraining Avenches (Bern)<\/span><span>\u00a0<\/span><\/h3>\n<p><span>Gel\u00e4ndetraining offen f\u00fcr alle Rassen und Reitweisen.<br \/><\/span><span>Gerne auch unerfahrene Reiter-\/Pferdepaare welche gerne auf dem Gel\u00e4nde erste Erfahrungen sammeln m\u00f6chten.<br \/><\/span><span>Ideal zum Gymnastizieren des Pferdes (daher auch f\u00fcr \u00e4ltere Pferde top)<br \/><\/span><span>Wir trainieren mit viel Ruhe so dass das Vertrauen zusammen gefestigt wird.<br \/><\/span><span>Keine \u00dcberforderung, keine Hektik und kein Stress.<br \/><\/span><span>Erfahrene Reiter welche gerne einen Parcours absolvieren m\u00f6chten kommen ebenfalls auf ihre Kosten (bitte bei der Anmeldung angeben). Wir trainieren nur auf Gras, wenn der Boden trocken ist.<\/span><\/p>\n<p><span><em>Ab Temperaturen von \u00fcber 27 Grad behalte ich mir vor, das Training abzusagen<\/em>.\u00a0<\/span><span>\u00a0<\/span><\/p>\n<ul>\n<li><span>Handpferde (gef\u00fchrt und \/ oder geritten m\u00f6glich)<\/span><\/li>\n<li><span>Anf\u00e4nger (geritten)<\/span><\/li>\n<li><span>Fortgeschrittene (geritten)<\/span><\/li>\n<li>Spezialw\u00fcnsche k\u00f6nnen gerne ber\u00fccksichtigt werden,<span><\/span><\/li>\n<\/ul>\n<p><strong>Gruppen:<\/strong><span> Kleine Gruppen \u00e0 4-6 Teilnehmer<\/span><\/p>\n<p><strong>Training:<\/strong><span> Jeder Reiter entscheidet selber welche Gangarten er alles reiten m\u00f6chte und welche Hindernisse (H\u00f6he) f\u00fcr ihn passend sind.\u00a0<\/span><\/p>\n<p><strong>Boden:<\/strong><span> Sand<br \/><\/span><strong>Dauer:<\/strong><span> 60 min (Pausen sind jederzeit m\u00f6glich)<br \/><\/span><strong>Kosten:<\/strong><span> CHF 95.00 (incl. Platz und Galoppbahn)<br \/><\/span><strong>Anmeldungen:<\/strong><span> Zwingend via Mail \/ verbindlich<br \/><\/span><strong>Ausr\u00fcstung obligat:<\/strong><span> Sicherheitsweste &amp; Helm<br \/><\/span><strong>Junge Pferde<\/strong><span><strong>:<\/strong> m\u00fcssen Halfterf\u00fchrig sein<br \/><\/span><strong>Kinder:<\/strong><span> jederzeit willkommen<\/span><\/p>\n<p><span><\/span><span><strong>Versicherung:<\/strong> Sache des Teilnehmers, es wird jegliche Haftung abgelehnt<br \/><\/span><strong>Fotodienst:<\/strong><span> wird organisiert und die Bilder k\u00f6nnen auf Wunsch bestellt werden<\/span><span><\/span><\/p>\n<p><strong>Daten:\u00a0<\/strong><span><br \/><\/span><\/p>\n<p><strong>02.05.2026<\/strong> Vormittag 09:00 &#8211; 12:00\u00a0 Uhr\u00a0<strong><\/strong><\/p>\n<p><strong>30.05.2026<\/strong> Vormittag 09:00 &#8211; 12:00 Uhr\u00a0<\/p>\n<p><strong>20.06.2026<\/strong> Vormittag 09:00 &#8211; 12:00\u00a0 Uhr \/ (21.06.25 eventuell f\u00fcr 1 Gruppe offen, Infos folgen)<\/p>\n<p>(<strong>12:07.2026<\/strong>) Noch in Abkl\u00e4rung\u00a0<\/p>\n<p><strong>25.07.2026<\/strong> Vormittag 09:00 &#8211; 13:30 Uhr\u00a0<\/p>\n<p><strong>08.08.2026<\/strong> Vormittag 09:00 &#8211; 12:00 Uhr\u00a0<\/p>\n<p>&nbsp;<\/p>\n<p><span><strong>Bern:<\/strong> Auf Anfrage und kurzfristig m\u00f6glich.<br \/><\/span><span>Weitere Termine Avenches auf Anfrage (1-2 werden sicherlich noch folgen)<br \/><\/span><span>Einzeltrainings (oder 2er Gruppen) ebenfalls auf Anfrage m\u00f6glich.<\/span><\/p>\n<p><span>Die Pferde m\u00fcssen frei von Krankheiten sein.<br \/><\/span><span style=\"text-decoration: underline;\"><strong>Die Anmeldungen sind verbindlich und m\u00fcssen via Mail erfolgen (bernardakrieger@gmail.com<\/strong>)<\/span><span>. Es kann ein Ersatzreiter gestellt werden. Ohne Einreichung eins \u00e4rztlichen Zeugnisses innerhalb 10 Tagen nach dem Training ist der Gesamtbetrag geschuldet.<\/span><\/p>\n<p><span>Ich freue mich auf Euch und Eure Pferde!<\/span><\/p>\n<p><span>Bis gly!<\/span><\/p>\n<p><span>Bernarda<\/span><\/p>\n<p><span><\/span><\/p>\n<p>[\/et_pb_text][et_pb_text _builder_version=&#8220;4.27.4&#8243; _module_preset=&#8220;default&#8220; global_colors_info=&#8220;{}&#8220; custom_margin=&#8220;33px||-75px|||&#8220; custom_padding=&#8220;66px|||||&#8220;][\/et_pb_text][et_pb_gallery _builder_version=&#8220;4.27.5&#8243; _module_preset=&#8220;default&#8220; gallery_ids=&#8220;165,168,114&#8243; hover_enabled=&#8220;0&#8243; sticky_enabled=&#8220;0&#8243;][\/et_pb_gallery][\/et_pb_column][\/et_pb_row][\/et_pb_section]<\/p>\n","protected":false},"excerpt":{"rendered":"<p>Gel\u00e4ndetraining Avenches (Bern)\u00a0 Gel\u00e4ndetraining offen f\u00fcr alle Rassen und Reitweisen.Gerne auch unerfahrene Reiter-\/Pferdepaare welche gerne auf dem Gel\u00e4nde erste Erfahrungen sammeln m\u00f6chten.Ideal zum Gymnastizieren des Pferdes (daher auch f\u00fcr \u00e4ltere Pferde top)Wir trainieren mit viel Ruhe so dass das Vertrauen zusammen gefestigt wird.Keine \u00dcberforderung, keine Hektik und kein Stress.Erfahrene Reiter welche gerne einen Parcours absolvieren [&hellip;]<\/p>\n","protected":false},"author":1,"featured_media":0,"parent":0,"menu_order":0,"comment_status":"closed","ping_status":"closed","template":"","meta":{"_et_pb_use_builder":"on","_et_pb_old_content":"","_et_gb_content_width":"","footnotes":""},"class_list":["post-9","page","type-page","status-publish","hentry"],"_links":{"self":[{"href":"https:\/\/teamkrieger.ch\/index.php?rest_route=\/wp\/v2\/pages\/9","targetHints":{"allow":["GET"]}}],"collection":[{"href":"https:\/\/teamkrieger.ch\/index.php?rest_route=\/wp\/v2\/pages"}],"about":[{"href":"https:\/\/teamkrieger.ch\/index.php?rest_route=\/wp\/v2\/types\/page"}],"author":[{"embeddable":true,"href":"https:\/\/teamkrieger.ch\/index.php?rest_route=\/wp\/v2\/users\/1"}],"replies":[{"embeddable":true,"href":"https:\/\/teamkrieger.ch\/index.php?rest_route=%2Fwp%2Fv2%2Fcomments&post=9"}],"version-history":[{"count":20,"href":"https:\/\/teamkrieger.ch\/index.php?rest_route=\/wp\/v2\/pages\/9\/revisions"}],"predecessor-version":[{"id":181,"href":"https:\/\/teamkrieger.ch\/index.php?rest_route=\/wp\/v2\/pages\/9\/revisions\/181"}],"wp:attachment":[{"href":"https:\/\/teamkrieger.ch\/index.php?rest_route=%2Fwp%2Fv2%2Fmedia&parent=9"}],"curies":[{"name":"wp","href":"https:\/\/api.w.org\/{rel}","templated":true}]}}